{"id":857,"date":"2021-10-02T13:30:59","date_gmt":"2021-10-02T11:30:59","guid":{"rendered":"https:\/\/kdt-dental.de\/shop\/?post_type=product&#038;p=857"},"modified":"2024-07-17T14:41:34","modified_gmt":"2024-07-17T12:41:34","slug":"descomed-schnelldesinfektion-af-parfuemfrei","status":"publish","type":"product","link":"https:\/\/kdt-dental.de\/shop\/produkt\/descomed-schnelldesinfektion-af-parfuemfrei\/","title":{"rendered":"Descomed Schnelldesinfektion AF Lemon und Parf\u00fcmfrei"},"content":{"rendered":"<h2>Descomed Schnelldesinfektion AF Lemon und Parf\u00fcmfrei<\/h2>\n<p>Alkoholische Schnelldesinfektion zum Wischen und Spr\u00fchen. Aldehyd- und phenolfrei.<\/p>\n<ul>\n<li>Bakterizid (inkl. MRSA)<\/li>\n<li>Tb und Mycobacterium terrae)<\/li>\n<li>levurozid<\/li>\n<li>virusinaktivierend (HBV\/HIV\/HCV)<\/li>\n<li>Aldehyd- und phenolfrei<\/li>\n<li>Frischer angenehmer Duft<\/li>\n<li>Sehr kurze Einwirkzeit<\/li>\n<li>Gepr\u00fcft nach den Richtlinien VAH\/DGHM<\/li>\n<\/ul>\n<p>Schnelldesinfektion f\u00fcr zahn\u00e4rztliche- und \u00e4rztliche Praxen<\/p>\n<p>f\u00fcr z.B. Behandlungsst\u00fchle, Mobiliar, Instrumente usw.<\/p>\n<p><strong> Nicht auf alkoholempfindlichen Fl\u00e4chen einsetzen.<\/strong><\/p>\n<h4><\/h4>\n<h4><strong>\u00a0<\/strong><\/h4>\n<h2><\/h2>\n","protected":false},"excerpt":{"rendered":"<p>Kanister \u00e0 5 und 10 Liter<\/p>\n","protected":false},"featured_media":2074,"template":"","meta":{"_et_pb_use_builder":"","_et_pb_old_content":"","_et_gb_content_width":""},"product_brand":[],"product_cat":[33,34],"product_tag":[75,77,545,303,544,167,164,165,386],"class_list":{"0":"post-857","1":"product","2":"type-product","3":"status-publish","4":"has-post-thumbnail","6":"product_cat-des-rei","7":"product_cat-ster-des","8":"product_tag-descomed","9":"product_tag-desinfektion","10":"product_tag-desinfizieren","11":"product_tag-flaechendesinfektion","12":"product_tag-hygiene","13":"product_tag-parfuemfrei","14":"product_tag-schnelldesinfektion","15":"product_tag-spruehdesinfektion","16":"product_tag-wischdesinfektion","18":"first","19":"instock","20":"taxable","21":"shipping-taxable","22":"purchasable","23":"product-type-variable"},"_links":{"self":[{"href":"https:\/\/kdt-dental.de\/shop\/wp-json\/wp\/v2\/product\/857","targetHints":{"allow":["GET"]}}],"collection":[{"href":"https:\/\/kdt-dental.de\/shop\/wp-json\/wp\/v2\/product"}],"about":[{"href":"https:\/\/kdt-dental.de\/shop\/wp-json\/wp\/v2\/types\/product"}],"wp:featuredmedia":[{"embeddable":true,"href":"https:\/\/kdt-dental.de\/shop\/wp-json\/wp\/v2\/media\/2074"}],"wp:attachment":[{"href":"https:\/\/kdt-dental.de\/shop\/wp-json\/wp\/v2\/media?parent=857"}],"wp:term":[{"taxonomy":"product_brand","embeddable":true,"href":"https:\/\/kdt-dental.de\/shop\/wp-json\/wp\/v2\/product_brand?post=857"},{"taxonomy":"product_cat","embeddable":true,"href":"https:\/\/kdt-dental.de\/shop\/wp-json\/wp\/v2\/product_cat?post=857"},{"taxonomy":"product_tag","embeddable":true,"href":"https:\/\/kdt-dental.de\/shop\/wp-json\/wp\/v2\/product_tag?post=857"}],"curies":[{"name":"wp","href":"https:\/\/api.w.org\/{rel}","templated":true}]}}